{"id":141,"date":"2026-02-03T00:55:15","date_gmt":"2026-02-03T00:55:15","guid":{"rendered":"https:\/\/joyasnicols.com\/?post_type=product&#038;p=141"},"modified":"2026-02-03T00:55:15","modified_gmt":"2026-02-03T00:55:15","slug":"camandula-en-oro-y-plata","status":"publish","type":"product","link":"https:\/\/joyasnicols.com\/index.php\/producto\/camandula-en-oro-y-plata\/","title":{"rendered":"Camandula en oro y plata"},"content":{"rendered":"<p>Cam\u00e1ndula bicolor en plata ley 925 con ba\u00f1o de oro, dise\u00f1ada con detalles trabajados que combinan tradici\u00f3n y estilo moderno.<\/p>\n","protected":false},"excerpt":{"rendered":"<p>La garantia cubre solamente el producto de referencia, la garantia cubre efectos de fabricacion, la garantia es personal e intransferible, la garantia no cubre usos indebidos del producto tales como ba\u00f1o en agua salada, rayones, golpes, deformaciones por caidas, rupturas y da\u00f1os causados por accidentes. Recuerda que las joyas en plata siempre Requieren Limpieza<\/p>\n","protected":false},"featured_media":0,"comment_status":"open","ping_status":"closed","template":"","meta":[],"product_brand":[],"product_cat":[18],"product_tag":[],"class_list":{"0":"post-141","1":"product","2":"type-product","3":"status-publish","5":"product_cat-cadenas","7":"first","8":"instock","9":"shipping-taxable","10":"product-type-simple"},"_links":{"self":[{"href":"https:\/\/joyasnicols.com\/index.php\/wp-json\/wp\/v2\/product\/141","targetHints":{"allow":["GET"]}}],"collection":[{"href":"https:\/\/joyasnicols.com\/index.php\/wp-json\/wp\/v2\/product"}],"about":[{"href":"https:\/\/joyasnicols.com\/index.php\/wp-json\/wp\/v2\/types\/product"}],"replies":[{"embeddable":true,"href":"https:\/\/joyasnicols.com\/index.php\/wp-json\/wp\/v2\/comments?post=141"}],"wp:attachment":[{"href":"https:\/\/joyasnicols.com\/index.php\/wp-json\/wp\/v2\/media?parent=141"}],"wp:term":[{"taxonomy":"product_brand","embeddable":true,"href":"https:\/\/joyasnicols.com\/index.php\/wp-json\/wp\/v2\/product_brand?post=141"},{"taxonomy":"product_cat","embeddable":true,"href":"https:\/\/joyasnicols.com\/index.php\/wp-json\/wp\/v2\/product_cat?post=141"},{"taxonomy":"product_tag","embeddable":true,"href":"https:\/\/joyasnicols.com\/index.php\/wp-json\/wp\/v2\/product_tag?post=141"}],"curies":[{"name":"wp","href":"https:\/\/api.w.org\/{rel}","templated":true}]}}